
Is 13261 a composite number?
True
Is 65207 prime?
False
Is 404941 prime?
True
Is 1099711 a prime number?
True
Is 16343 prime?
False
Is 85801 a prime number?
False
Is 1603 composite?
True
Is 3314 prime?
False
Is 2150119 prime?
True
Is 41011 prime?
True
Is 12739 prime?
True
Is 397 composite?
False
Is 1637 composite?
False
Is 33109 a prime number?
False
Is 95137 a composite number?
True
Is 14303 a prime number?
True
Is 28257 prime?
False
Is 49559 prime?
True
Is 1423 a composite number?
False
Is 1070409 a composite number?
True
Is 76231 a composite number?
False
Is 1224785 prime?
False
Is 255533 composite?
True
Is 109937 composite?
False
Is 142837 a composite number?
False
Is 310153 prime?
False
Is 6673 a composite number?
False
Is 38083 prime?
True
Is 25331 a prime number?
False
Is 3449 a prime number?
True
Is 357121 prime?
False
Is 14233 prime?
False
Is 6883 a prime number?
True
Is 66643 prime?
True
Is 7439 a prime number?
False
Is 64151 a composite number?
False
Is 74435 prime?
False
Is 87383 prime?
True
Is 50627 prime?
True
Is 9299 prime?
False
Is 147635 prime?
False
Is 1846415 a prime number?
False
Is 174569 composite?
False
Is 18493 a composite number?
False
Is 8123 a composite number?
False
Is 121039 prime?
True
Is 150031 a prime number?
False
Is 78491 prime?
False
Is 11887 prime?
True
Is 233537 a composite number?
True
Is 144959 composite?
True
Is 74831 composite?
False
Is 64793 a composite number?
False
Is 251977 a composite number?
True
Is 50791 prime?
False
Is 417863 a prime number?
True
Is 2039005 composite?
True
Is 24589 composite?
True
Is 90461 prime?
False
Is 137453 composite?
False
Is 13811 a composite number?
True
Is 533671 prime?
True
Is 270911 a prime number?
False
Is 140297 a composite number?
False
Is 2243713 prime?
False
Is 412387 a composite number?
False
Is 2171557 composite?
False
Is 7509 a composite number?
True
Is 9083 a composite number?
True
Is 11957 prime?
False
Is 1777 a composite number?
False
Is 56299 a prime number?
True
Is 356539 composite?
True
Is 137761 composite?
True
Is 1667894 composite?
True
Is 4206009 a prime number?
False
Is 550427 a prime number?
True
Is 30293 prime?
True
Is 395023 prime?
True
Is 36509 a prime number?
False
Is 121843 a composite number?
False
Is 1436606 prime?
False
Is 15697 prime?
False
Is 5627 composite?
True
Is 3221 a prime number?
True
Is 597259 a prime number?
False
Is 99523 a prime number?
True
Is 40991 prime?
False
Is 92299 a composite number?
True
Is 9103 prime?
True
Is 1911061 a prime number?
True
Is 780583 a prime number?
True
Is 901063 a prime number?
True
Is 59113 a prime number?
True
Is 12853 composite?
False
Is 5623 composite?
False
Is 31009 prime?
False
Is 45443 a composite number?
True
Is 134023 prime?
False
Is 7369 prime?
True
Is 1435747 composite?
True
Is 50821 prime?
True
Is 2939 composite?
False
Is 25657 a prime number?
True
Is 1376177 a composite number?
True
Is 6887 prime?
False
Is 988501 composite?
False
Is 13367 composite?
False
Is 60407 prime?
False
Is 41801 prime?
True
Is 192233 composite?
False
Is 57683 prime?
False
Is 13271 composite?
True
Is 360361 prime?
False
Is 3262859 a composite number?
False
Is 17059 a prime number?
False
Is 15783 a composite number?
True
Is 4127 a prime number?
True
Is 14143 a composite number?
False
Is 10211 composite?
False
Is 2766857 a prime number?
False
Is 6467 composite?
True
Is 851 a composite number?
True
Is 525457 a prime number?
True
Is 6259 a composite number?
True
Is 66083 a composite number?
False
Is 57541 composite?
True
Is 10493 composite?
True
Is 135203 a prime number?
False
Is 22013 a composite number?
False
Is 20317 composite?
True
Is 276229 prime?
True
Is 7343 prime?
False
Is 516893 a composite number?
True
Is 1425521 composite?
False
Is 209863 prime?
False
Is 1679 a composite number?
True
Is 2521 composite?
False
Is 12343 a prime number?
True
Is 3353 composite?
True
Is 673 a composite number?
False
Is 197723 a prime number?
False
Is 474659 a prime number?
True
Is 291223 composite?
True
Is 1055 a composite number?
True
Is 24439 a prime number?
True
Is 72583 a prime number?
False
Is 229243 a composite number?
True
Is 168991 composite?
False
Is 799441 a prime number?
True
Is 7901 composite?
False
Is 21781 composite?
True
Is 52511 composite?
False
Is 28267 prime?
False
Is 34651 a prime number?
True
Is 2041891 a prime number?
True
Is 46973 composite?
True
Is 368059 composite?
False
Is 331489 a prime number?
True
Is 15539 composite?
True
Is 5969 a prime number?
False
Is 3635 a composite number?
True
Is 226753 prime?
True
Is 144851 a composite number?
True
Is 21083 a prime number?
False
Is 380615 composite?
True
Is 77633 composite?
True
Is 6637 a prime number?
True
Is 13223 a prime number?
False
Is 393901 prime?
True
Is 331831 a composite number?
True
Is 4861 prime?
True
Is 11027 a composite number?
False
Is 36061 a composite number?
False
Is 1561933 a composite number?
True
Is 30011 a composite number?
False
Is 15391 a composite number?
False
Is 84163 prime?
True
Is 10427 a composite number?
False
Is 2111 composite?
False
Is 42209 a composite number?
False
Is 2879 a composite number?
False
Is 4338871 prime?
True
Is 44617 prime?
True
Is 2053 composite?
False
Is 8551 composite?
True
Is 13259 a composite number?
False
Is 18562 composite?
True
Is 36467 a composite number?
False
Is 25331 a prime number?
False
Is 244759 composite?
False
Is 6521 a composite number?
False
Is 8191 prime?
True
Is 32363 a composite number?
False
Is 18101 prime?
False
Is 520099 a prime number?
False
Is 588607 a composite number?
True
Is 334393 a composite number?
False
Is 251159 a composite number?
False
Is 1799 composite?
True
Is 70483 a composite number?
True
Is 60521 a composite number?
False
Is 958574 a prime number?
False
Is 37189 a prime number?
True
Is 69349 a prime number?
False
Is 279779 a composite number?
False
Is 23971 a prime number?
True
Is 1949 a composite number?
False
Is 8458 composite?
True
Is 16681 composite?
True
Is 422 a prime number?
False
Is 11861 a composite number?
True
Is 1046497 a prime number?
True
Is 753 composite?
True
Is 123 composite?
True
Is 11821 a prime number?
True
Is 2173 a prime number?
False
Is 4783 a composite number?
False
Is 2179514 prime?
False
Is 156971 a composite number?
False
Is 43 prime?
True
Is 511323 prime?
False
Is 283397 a composite number?
False
Is 482789 composite?
False
Is 1172573 composite?
False
Is 119549 a prime number?
True
Is 93229 a composite number?
False
Is 445141 composite?
False
Is 26021 a prime number?
True
Is 202723 a composite number?
True
Is 18101 composite?
True
Is 9239 composite?
False
Is 327203 prime?
True
Is 355297 a composite number?
False
Is 48899 composite?
True
Is 296567 a prime number?
False
Is 22889 a composite number?
True
Is 332837 prime?
True
Is 2209547 composite?
False
Is 1847 a prime number?
True
Is 283027 composite?
False
Is 9277 composite?
False
Is 83206 a prime number?
False
Is 6371 composite?
True
Is 155 prime?
False
Is 25523 prime?
True
Is 2203 prime?
True
Is 12350197 prime?
True
Is 1352787 prime?
False
Is 4663 composite?
False
Is 16255 prime?
False
Is 7451 a composite number?
False
Is 2212123 a prime number?
True
Is 13891 composite?
True
Is 241019 a composite number?
True
Is 1391881 composite?
True
Is 639907 composite?
False
Is 2195 prime?
False
Is 142453 a composite number?
False
Is 1473 a prime number?
False
Is 1659367 a composite number?
True
Is 161201 a composite number?
False
Is 322667 composite?
True
Is 26339 composite?
False
Is 56053 prime?
True
Is 6638 prime?
False
Is 177209 a prime number?
True
Is 5713 composite?
True
Is 9127 a composite number?
False
Is 386471 prime?
True
Is 973426 a composite number?
True
Is 15581 a prime number?
True
Is 22013 a prime number?
True
Is 14386 a prime number?
False
Is 85331 a composite number?
False
Is 40438 a prime number?
False
Is 20395 composite?
True
Is 11287 composite?
False
Is 3589 prime?
False
Is 24469 prime?
True
Is 1799869 a composite number?
True
Is 840037 a prime number?
False
Is 589 composite?
True
Is 345919 a composite number?
True
Is 15427 composite?
False
Is 63241 a composite number?
False
Is 12497 a composite number?
False
Is 17179 composite?
True
Is 5077 composite?
False
Is 84209 a composite number?